{"id":575,"date":"2023-10-06T00:54:22","date_gmt":"2023-10-06T00:54:22","guid":{"rendered":"https:\/\/nuevaempresa.com.ar\/sanmiguel\/?page_id=575"},"modified":"2023-10-06T00:59:50","modified_gmt":"2023-10-06T00:59:50","slug":"estetica-corporal","status":"publish","type":"page","link":"https:\/\/nuevaempresa.com.ar\/sanmiguel\/cursos\/estetica-corporal\/","title":{"rendered":"Est\u00e9tica corporal"},"content":{"rendered":"<p>[et_pb_section fb_built=\u00bb1&#8243; _builder_version=\u00bb4.22.1&#8243; _module_preset=\u00bbdefault\u00bb background_color=\u00bb#0dc7d8&#8243; custom_padding=\u00bb29px||29px|||\u00bb hover_enabled=\u00bb0&#8243; global_colors_info=\u00bb{}\u00bb sticky_enabled=\u00bb0&#8243;][et_pb_row column_structure=\u00bb3_5,2_5&#8243; use_custom_gutter=\u00bbon\u00bb gutter_width=\u00bb1&#8243; _builder_version=\u00bb4.22.1&#8243; _module_preset=\u00bbdefault\u00bb width=\u00bb100%\u00bb max_width=\u00bb1246px\u00bb custom_padding=\u00bb||36px|||\u00bb global_colors_info=\u00bb{}\u00bb][et_pb_column type=\u00bb3_5&#8243; _builder_version=\u00bb4.17.0&#8243; _module_preset=\u00bbdefault\u00bb global_colors_info=\u00bb{}\u00bb][et_pb_text _builder_version=\u00bb4.22.1&#8243; _module_preset=\u00bbdefault\u00bb text_font=\u00bb|600|||||||\u00bb text_text_color=\u00bb#FFFFFF\u00bb text_font_size=\u00bb40px\u00bb hover_enabled=\u00bb0&#8243; global_colors_info=\u00bb{}\u00bb sticky_enabled=\u00bb0&#8243;]<\/p>\n<p>Est\u00e9tica Corporal<\/p>\n<p>[\/et_pb_text][\/et_pb_column][et_pb_column type=\u00bb2_5&#8243; _builder_version=\u00bb4.17.0&#8243; _module_preset=\u00bbdefault\u00bb global_colors_info=\u00bb{}\u00bb][\/et_pb_column][\/et_pb_row][\/et_pb_section][et_pb_section fb_built=\u00bb1&#8243; _builder_version=\u00bb4.17.0&#8243; _module_preset=\u00bbdefault\u00bb custom_margin=\u00bb||100px||false|false\u00bb custom_padding=\u00bb27px||0px|||\u00bb global_colors_info=\u00bb{}\u00bb][et_pb_row column_structure=\u00bb3_5,2_5&#8243; use_custom_gutter=\u00bbon\u00bb _builder_version=\u00bb4.17.0&#8243; _module_preset=\u00bbdefault\u00bb width=\u00bb100%\u00bb max_width=\u00bb1231px\u00bb global_colors_info=\u00bb{}\u00bb][et_pb_column type=\u00bb3_5&#8243; _builder_version=\u00bb4.17.0&#8243; _module_preset=\u00bbdefault\u00bb global_colors_info=\u00bb{}\u00bb][et_pb_text _builder_version=\u00bb4.22.1&#8243; _module_preset=\u00bbdefault\u00bb text_font_size=\u00bb17px\u00bb text_line_height=\u00bb1.5em\u00bb hover_enabled=\u00bb0&#8243; global_colors_info=\u00bb{}\u00bb sticky_enabled=\u00bb0&#8243;]<\/p>\n<p>Nuestras Carreras, tienen un equilibrio entre el Saber hacer, el Saber y el Ser Profesional que reflejan nuestros Planes de Estudio.<br \/>La profesional de la est\u00e9tica podr\u00e1 dedicarse a realizar tratamientos corporales, sobre afecciones tales como la adiposidad, la celulitis y la flaccidez. Tambi\u00e9n podr\u00e1 abordar afecciones como hiperpigmentaciones corporales y estr\u00edas. Se abocar\u00e1 al embellecimiento del cuerpo, su rejuvenecimiento y sus cuidados.<br \/>Tendr\u00e1n suficientes espacios de pr\u00e1cticas para podes aprender t\u00e9cnicas de masajes<br \/>circulatorios, anticelul\u00edticos, modeladores, relajantes, descontracturantes y Drenaje<br \/>Linf\u00e1tico Manual Corporal siempre con orientaci\u00f3n y monitoreo docente.<\/p>\n<p><strong>Perfil docente:<\/strong> Esteticista corporal o Tec. Universitario<br \/><strong><br \/>Perfil del alumno:<\/strong> Publico final (mayor de 18 a\u00f1os y con secundario aprobado) o<br \/>profesionales de la est\u00e9tica en b\u00fasqueda de actualizaci\u00f3n<br \/><strong><br \/>Duraci\u00f3n:<\/strong> 9 meses<\/p>\n<p>[\/et_pb_text][\/et_pb_column][et_pb_column type=\u00bb2_5&#8243; _builder_version=\u00bb4.17.0&#8243; _module_preset=\u00bbdefault\u00bb global_colors_info=\u00bb{}\u00bb][et_pb_image src=\u00bbhttps:\/\/nuevaempresa.com.ar\/sanmiguel\/wp-content\/uploads\/2023\/10\/CORPORAL.png\u00bb title_text=\u00bbCORPORAL\u00bb _builder_version=\u00bb4.22.1&#8243; _module_preset=\u00bbdefault\u00bb hover_enabled=\u00bb0&#8243; border_radii=\u00bbon|10px|10px|10px|10px\u00bb box_shadow_style=\u00bbpreset1&#8243; global_colors_info=\u00bb{}\u00bb sticky_enabled=\u00bb0&#8243;][\/et_pb_image][\/et_pb_column][\/et_pb_row][\/et_pb_section][et_pb_section fb_built=\u00bb1&#8243; _builder_version=\u00bb4.17.0&#8243; _module_preset=\u00bbdefault\u00bb background_color=\u00bb#eeeae9&#8243; custom_margin=\u00bb-47px||-47px|||\u00bb custom_padding=\u00bb31px||31px|||\u00bb global_colors_info=\u00bb{}\u00bb][et_pb_row use_custom_gutter=\u00bbon\u00bb _builder_version=\u00bb4.17.0&#8243; _module_preset=\u00bbdefault\u00bb width=\u00bb100%\u00bb max_width=\u00bb1240px\u00bb global_colors_info=\u00bb{}\u00bb][et_pb_column type=\u00bb4_4&#8243; _builder_version=\u00bb4.17.0&#8243; _module_preset=\u00bbdefault\u00bb global_colors_info=\u00bb{}\u00bb][et_pb_text _builder_version=\u00bb4.22.1&#8243; _module_preset=\u00bbdefault\u00bb text_font_size=\u00bb17px\u00bb text_line_height=\u00bb1.5em\u00bb hover_enabled=\u00bb0&#8243; global_colors_info=\u00bb{}\u00bb sticky_enabled=\u00bb0&#8243;]<\/p>\n<p><strong>Programa:<\/strong><\/p>\n<p>\u2022 Dermatolog\u00eda: Piel y anexos cut\u00e1neos<br \/>\u2022 Biolog\u00eda, Anatom\u00eda y Fisiolog\u00eda Aplicada<br \/>\u2022 Qu\u00edmica Cosm\u00e9tica: Conocimiento de legislaci\u00f3n cosm\u00e9tica vigente, veh\u00edculos,<br \/>principios activos, v\u00edas de penetraci\u00f3n y materias primas de uso cosm\u00e9tico.<br \/>\u2022 T\u00e9cnicas de Est\u00e9tica Corporal: Abordaje de P.E.F.E, Adiposidad localizada,<br \/>flaccidez, estr\u00edas y manchas.<br \/>\u2022 Masoterapia est\u00e9tica.<br \/>\u2022 Masoterapia relajante y descontracturante<br \/>\u2022 Aparatolog\u00eda Corporal<br \/>\u2022 Nutrici\u00f3n y Nutricosm\u00e9ticos<br \/>\u2022 Tendencias y Marketing Est\u00e9tico<br \/>\u2022 Pr\u00e1ctica Profesional: Protocolos de aplicaci\u00f3n corporal<br \/>Modalidad: Exposici\u00f3n dialogada \u2013 Practica supervisada<\/p>\n<p>[\/et_pb_text][\/et_pb_column][\/et_pb_row][\/et_pb_section]<\/p>\n","protected":false},"excerpt":{"rendered":"<p>Est\u00e9tica CorporalNuestras Carreras, tienen un equilibrio entre el Saber hacer, el Saber y el Ser Profesional que reflejan nuestros Planes de Estudio.La profesional de la est\u00e9tica podr\u00e1 dedicarse a realizar tratamientos corporales, sobre afecciones tales como la adiposidad, la celulitis y la flaccidez. Tambi\u00e9n podr\u00e1 abordar afecciones como hiperpigmentaciones corporales y estr\u00edas. Se abocar\u00e1 al [&hellip;]<\/p>\n","protected":false},"author":1,"featured_media":0,"parent":134,"menu_order":0,"comment_status":"closed","ping_status":"closed","template":"","meta":{"_et_pb_use_builder":"on","_et_pb_old_content":"","_et_gb_content_width":"","footnotes":""},"_links":{"self":[{"href":"https:\/\/nuevaempresa.com.ar\/sanmiguel\/wp-json\/wp\/v2\/pages\/575"}],"collection":[{"href":"https:\/\/nuevaempresa.com.ar\/sanmiguel\/wp-json\/wp\/v2\/pages"}],"about":[{"href":"https:\/\/nuevaempresa.com.ar\/sanmiguel\/wp-json\/wp\/v2\/types\/page"}],"author":[{"embeddable":true,"href":"https:\/\/nuevaempresa.com.ar\/sanmiguel\/wp-json\/wp\/v2\/users\/1"}],"replies":[{"embeddable":true,"href":"https:\/\/nuevaempresa.com.ar\/sanmiguel\/wp-json\/wp\/v2\/comments?post=575"}],"version-history":[{"count":4,"href":"https:\/\/nuevaempresa.com.ar\/sanmiguel\/wp-json\/wp\/v2\/pages\/575\/revisions"}],"predecessor-version":[{"id":581,"href":"https:\/\/nuevaempresa.com.ar\/sanmiguel\/wp-json\/wp\/v2\/pages\/575\/revisions\/581"}],"up":[{"embeddable":true,"href":"https:\/\/nuevaempresa.com.ar\/sanmiguel\/wp-json\/wp\/v2\/pages\/134"}],"wp:attachment":[{"href":"https:\/\/nuevaempresa.com.ar\/sanmiguel\/wp-json\/wp\/v2\/media?parent=575"}],"curies":[{"name":"wp","href":"https:\/\/api.w.org\/{rel}","templated":true}]}}