{"id":486,"date":"2021-02-10T20:28:07","date_gmt":"2021-02-10T20:28:07","guid":{"rendered":"https:\/\/nuevaempresa.com.ar\/simona\/?page_id=486"},"modified":"2022-03-07T18:35:43","modified_gmt":"2022-03-07T18:35:43","slug":"nosotros","status":"publish","type":"page","link":"https:\/\/nuevaempresa.com.ar\/simona\/nosotros\/","title":{"rendered":"NOSOTROS"},"content":{"rendered":"<p>Somos una empresa familiar joven con m\u00e1s de 10 a\u00f1os de experiencia en pasteler\u00eda artesanal.<\/p>\n<p>Nos caracteriza nuestra creatividad y especial atenci\u00f3n a los detalles a la hora de llevar a cabo nuestro trabajo, el cual realizamos con gran pasi\u00f3n y aplicando todos nuestros estudios y conocimientos adquiridos en el transcurso de estos a\u00f1os.<\/p>\n<p>&nbsp;<\/p>\n<p>&nbsp;<\/p>\n","protected":false},"excerpt":{"rendered":"<p>Somos una empresa familiar joven con m\u00e1s de 10 a\u00f1os de experiencia en pasteler\u00eda artesanal. Nos caracteriza nuestra creatividad y especial atenci\u00f3n a los detalles a la hora de llevar a cabo nuestro trabajo, el cual realizamos con gran pasi\u00f3n y aplicando todos nuestros estudios y conocimientos adquiridos en el transcurso de estos a\u00f1os. &nbsp; [&hellip;]<\/p>\n","protected":false},"author":1,"featured_media":0,"parent":0,"menu_order":0,"comment_status":"closed","ping_status":"closed","template":"","meta":{"_et_pb_use_builder":"","_et_pb_old_content":"","_et_gb_content_width":"","kt_blocks_editor_width":""},"_links":{"self":[{"href":"https:\/\/nuevaempresa.com.ar\/simona\/wp-json\/wp\/v2\/pages\/486"}],"collection":[{"href":"https:\/\/nuevaempresa.com.ar\/simona\/wp-json\/wp\/v2\/pages"}],"about":[{"href":"https:\/\/nuevaempresa.com.ar\/simona\/wp-json\/wp\/v2\/types\/page"}],"author":[{"embeddable":true,"href":"https:\/\/nuevaempresa.com.ar\/simona\/wp-json\/wp\/v2\/users\/1"}],"replies":[{"embeddable":true,"href":"https:\/\/nuevaempresa.com.ar\/simona\/wp-json\/wp\/v2\/comments?post=486"}],"version-history":[{"count":2,"href":"https:\/\/nuevaempresa.com.ar\/simona\/wp-json\/wp\/v2\/pages\/486\/revisions"}],"predecessor-version":[{"id":610,"href":"https:\/\/nuevaempresa.com.ar\/simona\/wp-json\/wp\/v2\/pages\/486\/revisions\/610"}],"wp:attachment":[{"href":"https:\/\/nuevaempresa.com.ar\/simona\/wp-json\/wp\/v2\/media?parent=486"}],"curies":[{"name":"wp","href":"https:\/\/api.w.org\/{rel}","templated":true}]}}